c) = -c + 24. Let f be h(17). Let o be (1 + f)/(7 - 5). Is ((-1467)/(-12) + -4)*o a composite number?
True
Let k be (5/(-20))/((-1)/12). Suppose -5*f + 1529 = -3*u, k*f - 4*u - 913 = -0*f. Is f a prime number?
True
Let d = -17695 + 26724. Is d a composite number?
False
Let n(d) = -159*d**2 - 2*d - 1. Let g(r) = -318*r**2 - 5*r - 3. Let w(q) = 2*g(q) - 5*n(q). Let v be (-18)/(0 - -6) - -4. Is w(v) a prime number?
False
Let q be (8*6)/((-12)/(-258)). Let j = q - 331. Is j a composite number?
False
Suppose 5423 = 2*m - 2*k - 903, -m + 3163 = 2*k. Is m a composite number?
False
Let l(j) = -4*j**2 - 20*j - 4. Let i(s) = 9*s**2 + 41*s + 7. Let o = 2 - 9. Let y(r) = o*l(r) - 3*i(r). Is y(12) a composite number?
True
Let v(q) = -q**2 + 8*q + 13. Let z be v(9). Suppose -5*t + z*h + 31 = 0, -12 = -t + 4*h + 7. Suppose -35 = -t*b + 2*b + 2*o, -106 = -2*b - 5*o. Is b prime?
True
Let w = -3272 - -6863. Suppose -2*z + 2 = 0, -2*u + z + w = 2*u. Is u a prime number?
False
Suppose 4*d + 5285 = h, -6*d = -h - d + 5288. Is h prime?
True
Is (-8)/12 + (3 - (-68046)/9) a prime number?
False
Let g be (-28)/182 + 24/(-13). Is 806 + (-5 - g - 0/(-5)) composite?
True
Is -6 - 189760/(-24) - 2/(-6) a composite number?
False
Let z(q) = q**2 + 25*q + 52. Let o be z(-20). Let w = 163 + o. Is w a prime number?
False
Let z(d) = 80*d**3 + 2*d**2 + 1. Is z(3) a composite number?
False
Let x be 102/30 + 3/5. Suppose -3*d + x = -11. Suppose d*c - 195 = 2*c. Is c a composite number?
True
Suppose -2*z + 67701 = -4*q + 211847, 2*z - 108113 = -3*q. Is q prime?
True
Let t(f) = -2*f**3 + 2*f**2 + 7. Is t(-5) a prime number?
True
Let p be 78/(-24) - (-1)/4. Let m = 3 + p. Suppose m = 5*f - 1218 + 213. Is f composite?
True
Is (-9147)/(-4)*1016/381 a prime number?
False
Let h = -12 - -10. Let u = 269 + h. Is (u + 0)*(-10)/(-15) composite?
True
Let p(j) = -1475*j**3 + 10*j**2 + 21*j + 19. Is p(-4) prime?
False
Let m be 4/2 + (6 - 4). Suppose 0 = 7*a - m*a - 2775. Suppose 4*s + s = a. Is s prime?
False
Let a = -41 - -46. Suppose 2798 = 4*l + l - s, -a*l + 2783 = 4*s. Is l a composite number?
True
Let n(q) = 14*q**3 + q**2 + q - 1. Suppose 0 = -4*f - 4*y + 20, 0 = -2*f + 4*y - 20. Suppose f = -2*c + k - 2, 6*k = 3*k + 12. Is n(c) a prime number?
False
Suppose d - 3*b = 1235, -2*d + 3*b = -5*d + 3729. Is d prime?
False
Suppose -3*k - 5409 = -2*p, 3*p + 3*k = 2*k + 8097. Suppose l - 681 = 2*c, p = 4*l - 3*c + c. Is l a composite number?
False
Let o(t) = 538*t - 89. Is o(20) a composite number?
True
Suppose -112022 = -11*u - 41259. Is u composite?
True
Suppose 0*c + 3*c - 18 = 0. Let w be (-9)/(-2)*52/c. Suppose -j - 2*j = -w. Is j a prime number?
True
Suppose -5*j = -w + 256 - 15, -2*w + 5*j + 472 = 0. Let f(o) = o**3 + 3*o**2 - 4*o - 4. Let n be f(-6). Let u = n + w. Is u a composite number?
True
Suppose -3561 = 2*r + s, -r - 2417 = 5*s - 641. Let b = r + 3034. Is b prime?
False
Let a(f) be the second derivative of f**4/4 - 4*f**3/3 - 4*f**2 + 8*f. Let h be a(10). Suppose 3*g - 7*g + h = 0. Is g a prime number?
True
Let d = 38122 + -16475. Is d a prime number?
True
Let u = 16176 - 9181. Is u prime?
False
Suppose h + 6 = -2*g - 0, -g = -5*h + 3. Suppose 3*d = 4*a + 478, h*a = 4*d - 2*a - 634. Suppose 0*q = 2*q - d. Is q a prime number?
True
Let i(o) be the third derivative of -o**6/120 + o**5/6 - o**4/6 - 19*o**3/6 - 12*o**2. Is i(8) prime?
False
Let m(n) = n**2 - 2*n + 7. Let i be m(4). Suppose -553 = 14*v - i*v. Is v a composite number?
True
Suppose -3*x - 2*m + 0*m = 2, -2*m + 30 = -5*x. Is 2*(4 - 46/x) composite?
False
Suppose 2*i + 6 = 0, -i - 763 = 2*q + 2*q. Let n = q - -839. Is n a prime number?
False
Let u(h) = -154*h - 181. Is u(-20) a composite number?
True
Is (12/6)/(34/62033) a prime number?
False
Suppose -5*q + 2*s + 8 = -2*s, -s - 2 = -3*q. Suppose 2*p - 2 = -2*d, 5*p - 4*p + 3*d + 1 = q. Suppose -x + 4*x - 3*i = 1146, p*x = -5*i + 743. Is x prime?
True
Let y be (1 - 2)/(12/(-84)). Let l(q) = 82*q - 3. Is l(y) prime?
True
Suppose 0 = -s + w + 8, 5 + 1 = -3*w. Suppose 4*z - s*q - 17664 = -q, -5*z + 4*q + 22089 = 0. Is z prime?
True
Let y be (2 + 0)*(-6)/(-4). Is (-692 - y)/(-5 - -4) a composite number?
True
Let h(y) = 2*y**2 + 4*y + 3. Suppose 0 = -4*c - 0*k - k + 6, 5*c - 3*k = 16. Suppose -4*l = -a + 51, 5*l + 6*a = c*a - 69. Is h(l) composite?
True
Let w = -21 - -33. Suppose -2 + w = -5*o, 5*q = -4*o + 3437. Is q a composite number?
True
Let o = -18123 + 26689. Is o prime?
False
Suppose -z = -0*z + 2138. Let s be (-18160)/(-6) + 1/3. Let x = s + z. Is x composite?
True
Suppose 0 = -0*s - 4*s - 2436. Let u = -286 - s. Is u a prime number?
False
Let y(r) = r**2 - 6*r - 5. Let m be y(7). Let x be m/(-6)*-3 + -1. Suppose -t - 3*g + 97 = 0, x*t + 3*t = 4*g + 239. Is t a prime number?
False
Suppose 24*h - 27*h + 6 = 0. Suppose 0 = h*w + 147 - 749. Is w prime?
False
Suppose -4*d + 2*d = -2050. Suppose -289*h + 5550 = -304*h. Let u = h + d. Is u a prime number?
False
Let o be (-2)/(-3) - (-217)/3. Suppose 269 - 161 = 9*a. Suppose -o = -h + a. Is h a composite number?
True
Let o(q) = -9*q**3 + 13*q**2 + 27*q + 49. Is o(-8) composite?
False
Let x(w) = -185*w + 2. Is x(-1) composite?
True
Let i be (1 + -13)/((-4)/2). Suppose 3*n - i = -3*d + 9, -3 = -n. Is (d/3)/((-36)/(-1674)) a prime number?
True
Let a be 0 + 6*2/(-3). Let m be 4/(-1) + -1 + 1. Is a/(-6)*(-1506)/m prime?
True
Is ((-69057)/(-12) - 2) + 51/204 composite?
True
Is (-549144)/(-60) - -3 - 4/10 prime?
False
Let k = -1602 - -22871. Is k a prime number?
True
Let w(c) = 44*c**3 - 2*c**2 + 3*c - 2. Suppose -10*l = -5*l - 5. Is w(l) prime?
True
Let t(y) = 17*y**2 - 8*y - 6. Let h be t(4). Suppose 3*o + x - 223 = -45, 4*o - h = 2*x. Is o a prime number?
True
Let b(j) = j**2 - 18*j - 7. Suppose -25 = -5*m + 10. Let a = -15 + m. Is b(a) a prime number?
False
Suppose 3094 = 19*k + 7*k. Is k composite?
True
Let y(v) = 212*v**3 + 2*v**2 + v - 1. Let b be y(-1). Let m = -103 - b. Is m composite?
False
Let m be (-2 - (-4 - 11))*-2. Let o be (-7744)/m - (-14)/91. Suppose -259 = -u + o. Is u a composite number?
False
Let i(s) = 5*s**2 - 10*s - 42. Let x be i(-15). Suppose -6*j + x = -321. Is j a composite number?
True
Let k(x) be the third derivative of 0 - 1/24*x**4 - 1/12*x**5 - 5*x**2 + 1/6*x**3 + 0*x - 1/60*x**6. Is k(-4) composite?
False
Suppose 2*a = -4*x + 12, -8*a - 5*x + 18 = -4*a. Suppose 3*l - 8 = -a. Suppose -2*o - 5*j = -382, -2*j - 472 = -l*o - 90. Is o prime?
True
Let t(v) = -v + 11. Let f be t(13). Let g(j) = -2*j + 2. Let m be g(f). Suppose -m = -11*l + 8*l. Is l prime?
True
Let r = 1 + -21. Let d be 93*1/(6/r). Let i = 851 + d. Is i composite?
False
Let j = -4359 + 2586. Let w = 2612 + j. Is w a prime number?
True
Suppose -5*c = -2*u + 23529, 2*c = -u + 4*c + 11767. Is u prime?
True
Suppose 0 = 111*x - 113*x + 6. Suppose 0 = x*l + 5*c - 5188, -5*l + 8610 = -4*c + 5*c. Is l prime?
True
Let k be ((-8)/(-14))/(11/77). Let t = 33 + k. Is t a composite number?
False
Let g(m) be the second derivative of m**5/20 + m**4/12 + m**3/6 + 2039*m**2/2 - m. Is g(0) a prime number?
True
Suppose -5*m - 4*u + 19097 = 0, -4*m + 7*m - 11461 = -u. Is m prime?
True
Let c be 551/4 + (-7)/(-28). Let u = c - -85. Is u composite?
False
Let t(n) = n**3 + 3*n**2 - 4*n + 15. Let d be t(5). Let u be -85 + 3*(-3)/(-9). Let a = u + d. Is a prime?
False
Suppose -3*r - 2*r - 240 = -5*z, 0 = -5*z - 2*r + 212. Let c be (z/55)/((-4)/(-10)). Suppose -3*y = 5*q - 275, -c*q - 3*y + 126 = -5*y. Is q a prime number?
False
Suppose u + 4*b - 1 = 0, 3*u = -0*u - 4*b - 5. Suppose 929 = -3*z - s, -3*z + 6*s = s + 899. Is u + z/(4/(-1)) a prime number?
False
Let g = 44062 + -20828. Is g a prime number?
False
Let t = -8979 + 18566. Is t composite?
False
Suppose 5*t - 1320 = 1990. Is t a prime number?
False
Let t = -13 - -16. Let s be (-7)/(-21) + 2531/t. Suppose -3*p = p - s. Is p a prime number?
True
Let c(k) = -141*k + 142. Is c(-11) a composite number?
False
Let c(a) = 43*a**3 + 3*a**2 + 32*a - 149. Is c(5) composite?
True
Let v(f) = -f. Let x be v(-1). Suppose 3 - x = q. Suppose 2*j = -3*m + 325, m + 5*j - 99 = q*j. Is m prime?
False
Let u(v) = v**3 - 19*v**2 + 26*v + 9. Suppose -15*f = -13*f - 40. Is u(f) composite?
False
Let l(s) = 16*s**3 - s**2 - 2*s - 1. L